e 8
37
What is 30 (base 15) in base 11?
41
c (base 14) to base 7
15
-1 (base 13) to base 5
-1
What is 27 (base 13) in base 7?
45
What is 13 (base 4) in base 13?
7
Convert -66 (base 7) to base 16.
-30
-2 (base 6) to base 14
-2
Convert 1120 (base 3) to base 5.
132
116 (base 8) to base 14
58
What is -3 (base 15) in base 10?
-3
What is 3 (base 13) in base 9?
3
-42 (base 12) to base 13
-3b
19 (base 11) to base 16
14
Convert -31 (base 10) to base 5.
-111
Convert -32 (base 9) to base 15.
-1e
What is 27b (base 12) in base 8?
577
-11 (base 5) to base 3
-20
-125 (base 7) to base 10
-68
Convert -9 (base 13) to base 4.
-21
What is 10 (base 2) in base 4?
2
What is 32 (base 9) in base 5?
104
Convert 111 (base 2) to base 8.
7
-25 (base 16) to base 2
-100101
What is 142 (base 11) in base 7?
326
-110 (base 7) to base 4
-320
-11 (base 12) to base 7
-16
What is 11 (base 3) in base 2?
100
Convert -2 (base 3) to base 2.
-10
What is -31 (base 5) in base 15?
-11
Convert 1 (base 3) to base 4.
1
-101 (base 6) to base 5
-122
6 (base 10) to base 9
6
What is 4 (base 10) in base 7?
4
What is -26 (base 9) in base 11?
-22
13 (base 10) to base 2
1101
221 (base 3) to base 5
100
108 (base 12) to base 11
129
What is -11 (base 5) in base 15?
-6
297 (base 10) to base 16
129
What is 1303 (base 4) in base 14?
83
What is 133 (base 13) in base 9?
254
-5e (base 16) to base 6
-234
2 (base 3) to base 16
2
2 (base 5) to base 15
2
What is -4 (base 11) in base 10?
-4
4 (base 10) to base 6
4
Convert 3 (base 8) to base 16.
3
What is -71 (base 11) in base 6?
-210
Convert 3 (base 6) to base 15.
3
4 (base 14) to base 9
4
Convert 2 (base 12) to base 9.
2
Convert 11 (base 5) to base 16.
6
1 (base 5) to base 3
1
-145 (base 10) to base 9
-171
Convert -1333 (base 5) to base 8.
-332
What is 18 (base 13) in base 2?
10101
50 (base 9) to base 2
101101
Convert -1 (base 2) to base 7.
-1
Convert -63 (base 11) to base 10.
-69
Convert 0 (base 15) to base 10.
0
What is 3 (base 16) in base 15?
3
-7b (base 15) to base 3
-11022
20 (base 11) to base 7
31
Convert 0 (base 6) to base 13.
0
What is -134 (base 5) in base 14?
-32
1 (base 4) to base 14
1
Convert 2 (base 7) to base 3.
2
-2 (base 16) to base 14
-2
0 (base 5) to base 12
0
Convert -100000 (base 3) to base 11.
-201
Convert 14c (base 13) to base 10.
233
-7 (base 13) to base 14
-7
What is 0 (base 10) in base 8?
0
What is 1011111 (base 2) in base 7?
164
Convert 1203 (base 4) to base 8.
143
Convert -25 (base 13) to base 5.
-111
-13 (base 13) to base 3
-121
What is -21 (base 11) in base 16?
-17
0 (base 7) to base 11
0
Convert 84 (base 13) to base 16.
6c
Convert 88 (base 14) to base 16.
78
What is 12 (base 9) in base 6?
15
What is 1 (base 8) in base 9?
1
What is 13 (base 8) in base 16?
b
What is 35 (base 8) in base 12?
25
70 (base 10) to base 5
240
What is -b (base 16) in base 10?
-11
1053 (base 6) to base 15
119
What is 15 (base 14) in base 16?
13
What is c7 (base 13) in base 3?
20001
What is 6a (base 16) in base 11?
97
Convert 146 (base 9) to base 14.
8b
Convert 203 (base 9) to base 2.
10100101
Convert -16 (base 9) to base 3.
-120
What is 4 (base 6) in base 7?
4
1101 (base 2) to base 13
10
-27 (base 8) to base 15
-18
What is 3 (base 16) in base 12?
3
What is -4 (base 16) in base 3?
-11
Convert 2 (base 14) to base 7.
2
Convert -10 (base 8) to base 13.
-8
Convert -6 (base 10) to base 13.
-6
80 (base 15) to base 4
1320
Convert -d (base 15) to base 4.
-31
-7 (base 8) to base 12
-7
Convert -2 (base 16) to base 8.
-2
Convert -11 (base 3) to base 12.
-4
Convert -35 (base 13) to base 10.
-44
Convert -2 (base 8) to base 4.
-2
What is 6 (base 16) in base 9?
6
-13 (base 16) to base 7
-25
Convert 10010100 (base 2) to base 16.
94
What is 1 (base 16) in base 7?
1
What is 3 (base 9) in base 2?
11
Convert -1 (base 3) to base 9.
-1
-1202 (base 3) to base 14
-35
Convert -402 (base 7) to base 9.
-240
-113 (base 5) to base 11
-30
2211 (base 3) to base 16
4c
Convert -7 (base 8) to base 12.
-7
Convert -105 (base 6) to base 13.
-32
What is 5 (base 7) in base 13?
5
What is 55 (base 9) in base 10?
50
Convert -110 (base 3) to base 5.
-22
Convert 32 (base 7) to base 15.
18
What is 203 (base 4) in base 14?
27
What is 40 (base 6) in base 13?
1b
Convert 120 (base 3) to base 15.
10
What is 23 (base 4) in base 13?
b
What is -4 (base 9) in base 2?
-100
What is 5 (base 8) in base 14?
5
36 (base 16) to base 10
54
4 (base 15) to base 16
4
Convert -19 (base 16) to base 8.
-31
100 (base 2) to base 4
10
What is 3310 (base 4) in base 16?
f4
What is 2 (base 8) in base 10?
2
What is -1010010 (base 2) in base 3?
-10001
Convert 5 (base 14) to base 15.
5
220 (base 13) to base 6
1404
-1 (base 7) to base 14
-1
-10001 (base 3) to base 11
-75
What is -1 (base 16) in base 4?
-1
Convert 5 (base 12) to base 2.
101
Convert -1 (base 9) to base 4.
-1
What is 330 (base 4) in base 7?
114
Convert -10 (base 7) to base 6.
-11
Convert -1 (base 14) to base 7.
-1
0 (base 2) to base 15
0
What is a (base 16) in base 8?
12
What is -3 (base 12) in base 16?
-3
What is 5 (base 13) in base 10?
5
What is -100 (base 3) in base 16?
-9
What is -1 (base 10) in base 2?
-1
What is -21201 (base 3) in base 9?
-251
What is 4 (base 16) in base 15?
4
What is 126 (base 10) in base 2?
1111110
Convert -10110 (base 3) to base 12.
-79
10 (base 16) to base 15
11
What is -c (base 16) in base 13?
-c
What is 0 (base 11) in base 3?
0
What is -b (base 15) in base 16?
-b
What is -3 (base 10) in base 16?
-3
130 (base 6) to base 2
110110
Convert -204 (base 8) to base 10.
-132
-2121 (base 5) to base 3
-101121
3 (base 4) to base 12
3
What is -15 (base 15) in base 3?
-202
What is -2 (base 10) in base 9?
-2
What is -4 (base 14) in base 4?
-10
-4 (base 16) to base 8
-4
What is -3 (base 4) in base 5?
-3
11 (base 16) to base 11
16
Convert -176 (base 10) to base 5.
-1201
-31 (base 13) to base 15
-2a
-132 (base 4) to base 12
-26
-410 (base 5) to base 15
-70
10 (base 6) to base 12
6
6 (base 13) to base 15
6
Convert 37 (base 9) to base 3.
1021
Convert 0 (base 15) to base 9.
0
Convert 220 (base 8) to base 15.
99
-9a (base 15) to base 8
-221
10000 (base 2) to base 7
22
-20020 (base 3) to base 12
-120
Convert 2 (base 14) to base 6.
2
-3 (base 11) to base 10
-3
Convert 47 (base 11) to base 6.
123
What is 220 (base 6) in base 3?
10010
22 (base 8) to base 14
14
Convert -31 (base 13) to base 7.
-55
Convert 135 (base 11) to base 10.
159
What is -4 (base 15) in base 13?
-4
Convert 2330 (base 4) to base 11.
161
Convert -7 (base 13) to base 11.
-7
8 (base 12) to base 10
8
Convert 3 (base 7) to base 13.
3
What is -254 (base 7) in base 13?
-a7
Convert -3d (base 15) to base 8.
-72
What is 3b (base 16) in base 5?
214
3 (base 10) to base 5
3
-2 (base 6) to base 11
-2
Convert 5 (base 12) to base 8.
5
What is -11 (base 3) in base 2?
-100
13 (base 4) to base 5
12
Convert -8 (base 13) to base 5.
-13
Convert -1123 (base 4) to base 13.
-70
2 (base 7) to base 12
2
Convert -5 (base 7) to base 11.
-5
What is -100 (base 8) in base 7?
-121
What is -12 (base 4) in base 15?
-6
120 (base 3) to base 5
30
-16 (base 14) to base 10
-20
What is -1a (base 16) in base 5?
-101
What is 64 (base 7) in base 5?
141
What is 5 (base 14) in base 9?
5
30 (base 9) to base 16
1b
-344 (base 8) to base 12
-170
What is 2 (base 9) in base 14?
2
Convert -201 (base 3) to base 15.
-14
Convert 40 (base 6) to base 15.
19
0 (base 16) to base 12
0
128 (base 11) to base 9
177
What is -1 (base 15) in base 2?
-1
Convert -1010 (base 3) to base 16.
-1e
-140 (base 8) to base 6
-240
Convert -152 (base 6) to base 5.
-233
-20 (base 3) to base 15
-6
What is -16 (base 14) in base 16?
-14
-66 (base 7) to base 12
-40
What is 16 (base 16) in base 4?
112
What is 29 (base 13) in base 7?
50
Convert 33 (base 10) to base 6.
53
What is 46 (base 9) in base 13?
33
What is 15 (base 13) in base 9?
20
-c4 (base 15) to base 6
-504
26 (base 9) to base 6
40
-10 (base 3) to base 13
-3
Convert -4 (base 10) to base 9.
-4
-4 (base 7) to base 2
-100
What is -162 (base 7) in base 12?
-79
What is -1 (base 10) in base 8?
-1
Convert 55 (base 9) to base 10.
50
133 (base 7) to base 9
81
What is 10123 (base 4) in base 16?
11b
Convert -14 (base 7) to base 4.
-23
-5 (base 12) to base 16
-5
Convert 1001 (base 2) to base 6.
13
Convert 4 (base 10) to base 7.
4
-22